+ 37*n**2 + 13*n - 1. Let d(p) be the first derivative of s(p). Determine d(q).
6
Suppose -3*s + 4*s - b + 2 = 0, 0 = -5*s - 4*b + 26. Let u(a) = -4*a + 0*a - 3*a + 0*a - a**s + 3. Calculate u(-6).
9
Let h(n) be the third derivative of -5*n**4/24 + n**3/6 + 721*n**2. Suppose k = f + 3*f - 7, 15 = 5*f + 5*k. What is h(f)?
-9
Let g(c) = -8*c - 6. Let y be g(-7). Let p be 19/6 - y/(-60). Let w(o) = -o**3 + 3*o**2 + 3*o - 6. Give w(p).
-10
Let x(k) be the third derivative of 2*k**2 + 0*k**5 + 1/120*k**6 + 0*k - 1/12*k**4 + 0 + 1/6*k**3. Suppose 0 = 4*y + 2*m + 12, 36*m - 41*m = 40. Determine x(y).
0
Let h(t) = t**2 - 2*t - 3. Let m be (-1)/(10/4) - 54/(-10). Suppose 3*s - 103 - m = 0. Let y be -6*15/s*-2*1. Give h(y).
12
Let z(u) = -2*u - 2. Let s(p) = -p + 16. Let h be s(17). Let v be z(h). Let g(b) = -b + 8. Calculate g(v).
8
Let x(h) = -119 + 141 + 8*h - 14*h. Determine x(14).
-62
Let g(t) = 2*t + 6. Let k be -4 + (-6)/21*-7 - -4. Suppose 2*l - 15 = 5*h, 4*h - k*l + 10 = -0*h. Give g(h).
-4
Let m(r) be the first derivative of -r**4/2 - 2*r**3/3 + r**2/2 - 5*r - 3994. What is m(-2)?
1
Suppose 128*v + 77*v = -163*v + 1104. Let d(q) = -q**3 + q**2 + 9. Give d(v).
-9
Let y(l) = 3*l + 2. Suppose -o = -5*o - 8. Let i be o + (-4)/2 - -3. Let g be ((0 - i)*(13 + -16))/1. Calculate y(g).
-7
Suppose i = 3*u - 23, -3*u = -8*u + i + 35. Suppose -4 - 14 = u*l. Let t(w) be the first derivative of -w**3/3 + 4*w - 3. Determine t(l).
-5
Let q(l) = 4 + 0 - 1 + 3 + l. Let y be 3/(-14 + 492/36). Calculate q(y).
-3
Let d(x) = 4*x + 8. Suppose 41 + 3 = 11*a. Suppose 0 = a*g + 19*r - 17*r + 14, r = 3*g + 23. What is d(g)?
-16
Let f(x) be the second derivative of 1/2*x**2 + 0 + 7/6*x**3 + 23*x. What is f(2)?
15
Let f(w) be the first derivative of 2*w**2 + 54*w - 1194. Determine f(-11).
10
Let v(t) = 38*t**3 - 4*t + 5. Let g be v(1). Suppose 0 = -g*c + 47*c - 48. Let b(m) = m**2 - 4*m - 2. Give b(c).
10
Let s(l) = -l**2 + 2*l + 8. Suppose 71*c - 224 = 55*c. Suppose -c = -13*t + 51. Give s(t).
-7
Let a(t) = -75*t + 456. Suppose -34*q + 100 = -104. What is a(q)?
6
Let j(q) be the third derivative of q**5/60 - 7*q**4/24 + q**3/2 - 1316*q**2. What is j(3)?
-9
Let i = 2493 - 2487. Let a(s) = 15*s - 86. Give a(i).
4
Let a = -10031 + 10031. Let l(u) be the second derivative of -1/6*u**3 + 10*u - 9*u**2 + a. Determine l(0).
-18
Suppose -15*z = -20*z + 7 + 3. Let p(m) = -4*m + 5*m + 3*m + 1 + 0*m**2 - m**2. Determine p(z).
5
Let l(n) = n**2 - 2. Suppose 27 + 63 = -15*m. Let d(h) = 11*h**2 + h + 12. Let p(s) = m*l(s) - d(s). What is p(1)?
-18
Let h(n) = -n**2 + 9. Let w = 56 + -53. Suppose w*o + 3*c = 12, -3*o + o - 4*c + 16 = 0. Let j be 0/(-22)*(o + 1). Determine h(j).
9
Let w(c) = c**2 - 8*c + 6. Let k(y) = -6*y - 33 + 47 + 148. Let z be k(26). What is w(z)?
-6
Let g(y) = y + 2. Let k be g(-4). Let r(h) = 10*h**2 + 13486 + 5*h**2 - 13484 - 5*h**2. Determine r(k).
42
Suppose 5*y = 212*y + 414. Let f(r) = 12*r + 3. Give f(y).
-21
Suppose 0*p - 2*p = 2. Let s be 3 + p*(0 - -1). Let u(g) be the third derivative of g**4/12 + g**3/6 + 2*g**2. What is u(s)?
5
Let w(p) = 15*p**2 - 12*p - 1. Let i(y) = 18*y**2 - 14*y - 1. Let g(t) = 6*i(t) - 7*w(t). Give g(4).
49
Let n(j) be the third derivative of j**6/120 - j**5/10 + 11*j**4/24 + 2*j**2 + 2*j. Let w be n(3). Let y(s) = s**3 - 6*s**2 - s + 6. Give y(w).
0
Let a(d) = 7*d**3 + 8*d**2 - 26*d**3 + 24*d - 18 + d**2 + 8*d**3 + 10*d**3. Calculate a(11).
4
Let j be ((-63)/5)/(7/(-35)) - 1. Let d(m) = 26 + 19 + 20 - m - j. Determine d(3).
0
Let g(a) = -7. Let h(q) = -q - 2. Let f(w) = -g(w) + h(w). Let b(t) = -6*t**2 - 96*t + 2. Let o be b(-16). Calculate f(o).
3
Let z be (1 + -4)*28/12. Let h(s) be the first derivative of s**4/4 + 8*s**3/3 + 7*s**2/2 - 6*s - 45335. Give h(z).
-6
Let j(q) = q**3 + 21*q**2 - q - 18. Let h be j(-21). Let r(m) = -m**2 + 2*m - 5. Determine r(h).
-8
Let a(t) = 0*t**2 + t - 2*t**2 + 4*t**2 - 4 - 3*t**2. Suppose -15 = -4*f - f. Suppose -4*l + 3*i = 0, 4*l - f*l + i = 0. Calculate a(l).
-4
Let b = 8122 + -8122. Let p(r) be the third derivative of 1/120*r**6 + 19*r**2 - 4/3*r**3 + 5/12*r**4 + b - 2/15*r**5 + 0*r. Give p(7).
13
Suppose 15 - 48 = -u. Let x be (-14)/(-35) - u/(-5). Suppose x*a - 6 = 4*a. Let z(p) = -p**2 - p + 2. Calculate z(a).
-4
Let a(f) be the third derivative of -f**6/120 + 19*f**5/60 - 5*f**4/6 + 25*f**3/6 + 28*f**2 - 2. Determine a(18).
-11
Let v(m) be the first derivative of -m**2 + 2*m - 3. Let a = -2 - -15. Suppose 4*f + 21 = a. Determine v(f).
6
Suppose 5*h - 44 = -14. Let d(z) = -z**2 - 41*z - 258. Let y be d(-8). Suppose -h*s - 12 = -y. Let l(q) = 6*q**2 + 2*q + 1. Determine l(s).
5
Let w(p) = -158*p**2 - 31 + 7*p - 172*p**2 + 171 + 329*p**2. Give w(17).
-30
Let p(s) = s - 2. Let x(d) be the first derivative of -d**3/3 - 5*d**2 - 20*d - 21. Let z(c) = 5*c + 29. Let t be z(-7). Let v be x(t). Determine p(v).
2
Let l(o) be the second derivative of -7*o**3/6 + 15*o**2 - 28*o. Let p be l(4). Let y(s) = -p*s - 57 + 55 + s. What is y(5)?
-7
Let g(y) be the second derivative of -y**5/20 + 5*y**2/2 + 1647*y. Determine g(0).
5
Let d(j) be the first derivative of j**4/4 + 2*j**3 + 2*j**2 + 19*j + 3640. Give d(-6).
-5
Suppose 120 = 4*g + 11*g. Suppose -v + g*v = -70. Let u(i) = i + 3. Calculate u(v).
-7
Let g be (0 - -5)*(-3 + 2). Let c(f) = f + 1. Let u be 3*((-25)/15 - -1) - -1. Let z(t) = 7*t + 5. Let k(o) = u*z(o) + 6*c(o). Determine k(g).
6
Suppose 3 = 3*t - 3*s, 3*t + 2 = -0*s - 2*s. Let i(l) be the first derivative of l**4/4 + l**2/2 + 1083. Calculate i(t).
0
Suppose 12 = o - 3*k, 5*o - k + 4*k = 24. Let q(j) = -o*j + 0*j + 0 - 1 + 0*j**3 - 8*j**2 - j**3. Suppose -2*t + 3*t - 10 = a, 13 = -4*a - 5*t. Determine q(a).
-8
Let l(y) = y**2 - 81*y - 496. Let z(q) = 21*q. Let n(f) = l(f) + 2*z(f). Give n(49).
-6
Let p(j) = j**3 - j**2 + 2. Let s be p(0). Suppose 5*l + 2 - 3 = -x, 4*l = s*x - 16. Let c(z) = 3 + 0 - 10 + 372*z - 370*z. Determine c(x).
5
Let g(i) = 3*i**2 + 2*i + 2. Let b(r) = -r**3 - 9*r**2 - 8*r + 9. Let d be b(-5). Let y = d + 57. Suppose -y*p = -8*p - 4. What is g(p)?
10
Let t(w) = 6*w. Let p be (-11)/(-22) + 3/(-6). Suppose 4*g - 2*g = -4*n - 18, 2*g - 3*n + 39 = p. Let h be (-4)/14 + g/21. What is t(h)?
-6
Let v(p) = -p**3 + 7*p**2 - 8*p + 7. Let z be 24/(-9)*(-9)/4. Let w be v(z). Let o(k) = 0 - 3 + 4 + k + 1. Determine o(w).
-3
Let g(v) = v**3 - 7*v**2 + 8*v - 7. Suppose -55 = -h - 4*r + 47, 0 = 3*h + 3*r - 315. Let a = 112 - h. Give g(a).
5
Let h(g) = 3*g - 5. Suppose -4 = -4*n + 4*d, -3*d - 9 = -5*n - 2*d. Let a be n + (7/(-21))/(2/(-6)). What is h(a)?
4
Let u(i) = -529*i**2 - 21*i + 528*i**2 - 87 + 40*i. What is u(10)?
3
Let t(x) = 20*x - 29. Let o(l) = -54*l + 86. Let g(n) = 4*o(n) + 11*t(n). Determine g(-3).
13
Let d = 5984 - 5981. Let f(g) = -4*g**2 - 3*g + 3. Let q(c) = -4*c**2 - 3*c + 3. Let r(k) = 2*f(k) - 3*q(k). Calculate r(d).
42
Let f(q) = 7*q + 51. Let b be f(-7). Let c be (-141)/18 + 2/(-24)*b. Let t(v) = v**3 + 8*v**2 + 2*v + 11. Determine t(c).
-5
Let d(c) = -13*c + 37. Let b be (-4)/(3*1*72/(-162)). Determine d(b).
-2
Let x = 21 - -24. Suppose 5*o - x = -4*o. Suppose -o*m = -2*u - 24, -2*m + 0 + 8 = 0. Let y(l) = 6*l - 2. Give y(u).
-14
Let r(u) = u**3 + 8*u**2 + 9*u + 5. Let v be r(-7). Let n(t) be the third derivative of -t**4/12 - 4*t**3/3 - 3686*t**2 + 2. Determine n(v).
10
Let f(v) be the third derivative of -5*v**4/4 - 233*v**3/6 + 7*v**2 + 5. Let c be f(-8). Let w(q) = -2*q + 9. What is w(c)?
-5
Let q(k) = 116 - 62 - 16*k + 15*k - 66 + 9. Suppose v = -v. What is q(v)?
-3
Suppose -9*w + 26486 = 25*w. Let i be (-7 + w/95)*40/6. Let h(o) = -o**2 + o**3 - 2*o**2 - 8 - 6*o**2 + 10*o. Give h(i).
8
Let a(z) be the third derivative of z**6/10 + z**4/24 + 10325*z**2. Calculate a(-2).
-98
Suppose -r + 4 = -1. Let f(k) = -3*k**3 - 18*k**2 - 9*k - 19. Let a(m) = -18*m**2 - 2*m**3 + 0 - 20 + 7 + 6*m**2 - 6*m. Let x(j) = r*f(j) - 7*a(j). Give x(-6).
14
Let x(g) be the third derivative of g**6/360 - g**5/15 + 5*g**4/24 + 59*g**3/2 - 165*g**2. Let b(v) be the first derivative of x(v). What is b(7)?
-2
Let o(s) = -s**2 - 6*s + 4. Let u be o(-6). Let x(a) = 130*a**3 + 137*a**3 + 135*a**3 - 4*a**2 + 1 - 542*a**3 + 2*a + 141*a**3. What is x(u)?
9
Let q(k) be the third de